e remainder when q is divided by ((-76)/(-8))/((-2)/(-4))?
18
Suppose 5*t + 2*x - 4*x - 83 = 0, 0 = -5*t - x + 86. Suppose 0 = -k + 2*w + w + 12, 0 = 2*w + 4. What is the remainder when t is divided by k?
5
Let j(l) = -l**3 - 3*l**2 - 6*l - 4. Calculate the remainder when j(-4) is divided by 19.
17
Let a = 12 + -12. Calculate the remainder when (a + 10)/(34/255) is divided by 19.
18
Calculate the remainder when (-8)/12*(-12 - 0) is divided by (-26)/(-8) - 2/8.
2
Suppose 3*c - 2 = 1. Calculate the remainder when 40/18 - 4/18 is divided by c.
0
Let p be (-1 - -2)*(114 + -3). Suppose -p = -2*l - l. Calculate the remainder when l is divided by 10.
7
Let u = -5 - -9. What is the remainder when 7 is divided by (-188)/(-36) - u/18?
2
Suppose 4*v - 5*p = -5, 5*p = 2 + 3. Suppose 3*s - 42 = -v*s. What is the remainder when 41 is divided by s?
13
Let f = 146 - 91. Suppose 5 - f = -2*z. Suppose 3*a = -0*a + 27. Calculate the remainder when z is divided by a.
7
Suppose 5*y = -5*w + 35, 4*w - 29 - 1 = -5*y. Suppose -2*v = -w*v - 27. Let m(a) = -a + 8. Calculate the remainder when m(v) is divided by 9.
8
Suppose 21 = 2*f + 5*l - 11, 0 = 3*f + 3*l - 39. What is the remainder when 20 is divided by f?
9
Suppose 2*p - 198 = -4*a, -p - 2*p + 3*a + 297 = 0. Calculate the remainder when p is divided by 17.
14
Suppose -k + 16 - 2 = 0. Let f = -3 - -6. What is the remainder when 40*(f - 2)*1 is divided by k?
12
Suppose 11 = w - b, w - 4*w - 2*b + 23 = 0. What is the remainder when 35 is divided by w?
8
Let y(i) = 22 - 9 + 11*i**2 - 3*i**3 - i**2 + 4*i**3. What is the remainder when 51 is divided by y(-10)?
12
Let q(b) = b**3 + 9*b**2 + 8*b. Let j be q(-8). Suppose j = 2*u - 6*u + 8. Suppose -m = -u*m + 11. What is the remainder when 32 is divided by m?
10
Suppose 9*d = 1317 - 264. Calculate the remainder when d is divided by 20.
17
Let k(g) = -5*g**3 - 3*g**2 - 2*g - 4. What is the remainder when k(-2) is divided by 10?
8
Calculate the remainder when (30/(-4))/(2/(-4)*1) is divided by 8.
7
Let u = -6 + 9. Suppose -4*a + 5 = -7, -a - 5 = -2*x. Calculate the remainder when x is divided by u.
1
Let f be -3 + ((-192)/2)/(-3). Suppose -s + 33 = s + w, s + 3*w = f. What is the remainder when s is divided by 4?
2
Let s(p) = -5*p + 1 - p**2 + 3 + 17*p + 6. What is the remainder when s(9) is divided by 13?
11
Let p = 78 - 7. Suppose p = 3*c - a - 45, 0 = 2*a + 4. Let o(s) = 3*s + 1. Calculate the remainder when c is divided by o(4).
12
Let n(p) = -6*p - 2. Let c(l) = -l**2 + 10*l - 9. Let x be c(10). Calculate the remainder when n(x) is divided by 18.
16
Let k(l) = -l**3 - 17*l**2 + 18*l + 8. Let f(u) = u**2 + 3*u + 3. What is the remainder when f(3) is divided by k(-18)?
5
Let u(o) = -10 - 13 + 5 - o**2. Let r be u(0). What is the remainder when 2 + r/4*-8 is divided by 20?
18
Suppose -28 = 3*a - 3*r - 106, -5*a + r + 142 = 0. Let l = a + -8. What is the remainder when 62 is divided by l?
20
Let c(o) = -3*o - 8. Calculate the remainder when c(-5) is divided by 3.
1
Suppose -5*a + 4*m + 105 = 0, -2*m - 56 = -3*a - m. Calculate the remainder when 48 is divided by a.
14
Calculate the remainder when 21 is divided by 1280/90 + (20/(-9) - -2).
7
Let v be 5 + 5/((-10)/(-4)). Let g(f) = -f**3 + 7*f**2 + 2*f - 3. Let s = 3 + 18. Calculate the remainder when s is divided by g(v).
10
Suppose -5*s + 170 = 10. What is the remainder when 157 is divided by s?
29
Suppose -12 = 5*s + 3*y, 3 = 2*y + 11. Let d = s + -4. What is the remainder when 50 is divided by 2 + d - (1 - 20)?
16
Suppose 3*t = 0, 2*t - 93 = -3*r + 7*t. What is the remainder when r is divided by 17?
14
Suppose 2*i + 1 = 2*c + 3, -i + 11 = -3*c. Let d(b) = -b**3 - 4*b**2 + 5*b + 2. What is the remainder when 3 is divided by d(c)?
1
Let x(g) = -23*g - 1. What is the remainder when x(-1) is divided by 12?
10
Suppose -i + 7*i = 306. What is the remainder when i is divided by 13?
12
Suppose -3*c = -c + 2*n - 98, -25 = -5*n. Calculate the remainder when c is divided by 24.
20
Let d(t) = t**2 - 3*t + 3. Let h be d(5). Let v = 16 - h. What is the remainder when 9 is divided by v?
0
Suppose -43 = -3*t + 14. What is the remainder when 56 is divided by t?
18
Let o(d) = -2*d**2 - 18*d + 3. What is the remainder when o(-8) is divided by 4?
3
Let a(u) = -u. Let k(f) = 12*f + 2. Let w(o) = -8*a(o) - k(o). What is the remainder when w(-2) is divided by 2?
0
Let l(o) = 2*o - 4. Suppose -8*v + 15 = -3*v. Let x be l(v). Suppose -3*f = -f - a - 11, -x*f + 9 = -3*a. Calculate the remainder when 10 is divided by f.
4
Suppose 5*y = -10, 2*b = 3*b + 2*y. What is the remainder when 77 is divided by b?
1
Let y = -12 + 80. Calculate the remainder when y is divided by -54*((-24)/(-9) - 3).
14
Let u(j) = -j**3 + 3*j**2 + j - 1. Let t be u(3). Let d(a) = 8*a**2 - 2. Calculate the remainder when d(t) is divided by (-4)/6*(-23 - 1).
14
Suppose t = -n + 41, 3*t + 2*t = n - 65. What is the remainder when n is divided by 8?
5
Suppose w - p = -2*w + 19, -4*w + 19 = 5*p. Calculate the remainder when 17 is divided by w.
5
Let k = -2 - -6. Suppose 0 = k*z - 2*d + 10 - 92, -2*d + 125 = 5*z. Let l(x) = -x**2 - 7*x + 2. Calculate the remainder when z is divided by l(-5).
11
Let k = 8 + -4. Suppose -2*i = -3*i - 15. Let u = i + 21. What is the remainder when u is divided by k?
2
Let b = -27 - -49. Calculate the remainder when 60 is divided by b.
16
Calculate the remainder when (408/(-16))/((-1)/2) is divided by 13.
12
Let r(s) = s**2 - 7*s - 14. Calculate the remainder when 9/2*2 + -2 is divided by r(9).
3
Suppose 3*i = -2*s + 5*i + 10, -3*s - 6 = 4*i. Let n(r) = r**3 + 1. Calculate the remainder when 17 is divided by n(s).
8
Suppose 340*g = 335*g + 15. Let f = 5 - -3. What is the remainder when f is divided by g?
2
Let r = 61 - 42. What is the remainder when r is divided by 7?
5
Suppose -7 - 1 = -i. What is the remainder when 20 is divided by i?
4
What is the remainder when 2*-1 + (23 - -22) is divided by 12?
7
Suppose 0 = -0*g - 5*g + 595. Calculate the remainder when g is divided by 40.
39
Suppose -5*g + 2*g + 63 = 0. Suppose 3*d - 135 = -g. What is the remainder when d is divided by (6/(-18))/(1/(-39))?
12
Calculate the remainder when (51/4)/((-9)/(-24)) is divided by 0 + 1 + 7 - -4.
10
What is the remainder when 2/((2/10)/((-12)/(-15))) is divided by 4?
0
Let p(h) = -h**3 + 16*h**2 - 12*h - 23. Calculate the remainder when 41 is divided by p(15).
19
Let h(j) = j**2 - 11*j - 9. What is the remainder when 65 is divided by h(13)?
14
What is the remainder when 63 is divided by -4 + 2/(-8) + 207/12?
11
Let s(a) = a**2 - 9*a + 3. Let o(l) = 4*l**3 - 1. Let m be o(-1). Let h = 9 + m. What is the remainder when h is divided by s(9)?
1
Suppose 4*z = n + 105, -2*z - 3*n + 4 = -45. Let k be (-8)/(-16)*(-1 + 1). Suppose k*w - 7 = -w. Calculate the remainder when z is divided by w.
5
Let l = -93 - -153. Suppose -6 = 3*r, l + 4 = 5*n + 3*r. Calculate the remainder when 40 is divided by n.
12
Suppose u = x + 64, u + x + 12 = 68. What is the remainder when u is divided by 21?
18
Let t(h) = 7*h - 9. What is the remainder when t(5) is divided by 4/3*42/4?
12
Suppose -297 = -v - 8*v. What is the remainder when v is divided by 3?
0
Let n = -34 - -59. Let o = 53 - 5. Calculate the remainder when o is divided by n.
23
Suppose -5*a = -47 - 98. Calculate the remainder when 55 is divided by a.
26
Suppose -84 = -5*y + 41. Calculate the remainder when 69 is divided by y.
19
Let i(z) = -2*z + 11. Let q be i(9). Calculate the remainder when 33 is divided by (-34 - q)/((-6)/4).
15
Let g(r) = -r**2 + 3*r + 4. Calculate the remainder when 27 is divided by g(3).
3
Let f(g) = -g**3 - 9*g**2 - 2*g + 7. Suppose -2*i - 5*p + 23 = 0, -3*i - 2*i - p = -46. Calculate the remainder when f(-9) is divided by i.
7
Suppose 2*u - j - 119 = -2*j, 0 = 3*u + 4*j - 186. Calculate the remainder when u is divided by 15.
13
Suppose -39 = -9*c + 60. Let g be (2/(-1))/(-2)*6. What is the remainder when c is divided by 20/g + 2/3?
3
Let f(o) = -o**3 - 6*o**2 - 2*o - 3. Suppose 0 = 5*d - 2*b - b - 1, 5*d + 5*b - 25 = 0. Let j = d + 3. Calculate the remainder when f(-6) is divided by j.
4
Let i(r) = 25*r**3 + r**2 - r - 1. Let o be i(-1). Let s be ((-30)/o)/((-2)/(-16)). Calculate the remainder when ((-28)/s)/(3